 digit of 183097218?
8
What is the millions digit of 231194034?
1
What is the ten millions digit of 71097687?
7
What is the thousands digit of 2679420532?
0
What is the millions digit of 2482508623?
2
What is the units digit of 279183320?
0
What is the millions digit of 7237907?
7
What is the thousands digit of 89117346?
7
What is the ten thousands digit of 1148786762?
8
What is the units digit of 1569971293?
3
What is the hundred thousands digit of 32843213?
8
What is the hundred millions digit of 1545724600?
5
What is the tens digit of 2873420642?
4
What is the hundred millions digit of 622192701?
6
What is the ten thousands digit of 2716498033?
9
What is the hundred millions digit of 228962716?
2
What is the tens digit of 143581107?
0
What is the thousands digit of 24080345?
0
What is the thousands digit of 519067327?
7
What is the hundred millions digit of 573243412?
5
What is the hundreds digit of 58560517?
5
What is the hundred thousands digit of 130930649?
9
What is the thousands digit of 50821991?
1
What is the hundreds digit of 896507975?
9
What is the hundred millions digit of 4537585725?
5
What is the ten thousands digit of 12753178?
5
What is the ten millions digit of 172125750?
7
What is the millions digit of 28010572?
8
What is the hundred millions digit of 249715215?
2
What is the ten thousands digit of 110874614?
7
What is the hundred thousands digit of 3784006721?
0
What is the tens digit of 72372911?
1
What is the tens digit of 73684773?
7
What is the ten millions digit of 14473232?
1
What is the millions digit of 16587451?
6
What is the millions digit of 45204555?
5
What is the hundred millions digit of 242403132?
2
What is the hundred millions digit of 315733405?
3
What is the units digit of 40894553?
3
What is the hundred thousands digit of 2672006043?
0
What is the units digit of 1903537000?
0
What is the units digit of 145545491?
1
What is the hundreds digit of 8821600?
6
What is the hundreds digit of 97436498?
4
What is the ten millions digit of 838068504?
3
What is the ten millions digit of 386924582?
8
What is the hundreds digit of 563499533?
5
What is the hundreds digit of 30059846?
8
What is the ten thousands digit of 2966423881?
2
What is the hundreds digit of 5365075574?
5
What is the ten thousands digit of 35380276?
8
What is the ten millions digit of 2722399233?
2
What is the ten millions digit of 79179132?
7
What is the thousands digit of 5394622?
4
What is the hundred millions digit of 715923684?
7
What is the tens digit of 147638453?
5
What is the millions digit of 99549838?
9
What is the thousands digit of 35731382?
1
What is the hundreds digit of 217813794?
7
What is the units digit of 294784591?
1
What is the tens digit of 2392939046?
4
What is the thousands digit of 30477378?
7
What is the millions digit of 1206667521?
6
What is the ten millions digit of 38675660?
3
What is the thousands digit of 101519777?
9
What is the hundred millions digit of 740417823?
7
What is the units digit of 4022455574?
4
What is the hundreds digit of 210740995?
9
What is the millions digit of 1175573140?
5
What is the tens digit of 930968344?
4
What is the thousands digit of 2096029628?
9
What is the hundred millions digit of 102940117?
1
What is the hundreds digit of 155740791?
7
What is the hundred thousands digit of 384759428?
7
What is the hundred thousands digit of 62707341?
7
What is the millions digit of 33366606?
3
What is the thousands digit of 83704149?
4
What is the tens digit of 347412746?
4
What is the units digit of 282943950?
0
What is the hundred thousands digit of 511254457?
2
What is the units digit of 47965174?
4
What is the units digit of 4884454569?
9
What is the ten thousands digit of 1883703460?
0
What is the millions digit of 138157398?
8
What is the ten thousands digit of 170533022?
3
What is the hundred thousands digit of 1364566325?
5
What is the ten millions digit of 1376853836?
7
What is the hundreds digit of 67520234?
2
What is the thousands digit of 3379681654?
1
What is the tens digit of 7158936?
3
What is the hundred thousands digit of 813251638?
2
What is the millions digit of 22450611?
2
What is the hundred millions digit of 292265519?
2
What is the units digit of 265439436?
6
What is the hundred thousands digit of 237532225?
5
What is the millions digit of 423378594?
3
What is the millions digit of 4446816?
4
What is the thousands digit of 4499721?
9
What is the tens digit of 3181867048?
4
What is the ten thousands digit of 25879051?
7
What is the hundred thousands digit of 1243111532?
1
What is the millions digit of 981901553?
1
What is the hundred thousands digit of 95195435?
1
What is the hundreds digit of 56453625?
6
What is the ten thousands digit of 608138797?
3
What is the thousands digit of 59715180?
5
What is the hundreds digit of 39868077?
0
What is the hundreds digit of 655969730?
7
What is the millions digit of 47375128?
7
What is the ten thousands digit of 4411403264?
0
What is the thousands digit of 1054198118?
8
What is the hundred thousands digit of 1073440903?
4
What is the ten thousands digit of 366446235?
4
What is the millions digit of 106443667?
6
What is the units digit of 271141930?
0
What is the thousands digit of 1771057825?
7
What is the ten millions digit of 7406224656?
0
What is the hundreds digit of 151803329?
3
What is the hundred thousands digit of 248149228?
1
What is the hundreds digit of 75251502?
5
What is the ten millions digit of 22771141?
2
What is the tens digit of 3328083052?
5
What is the hundred thousands digit of 1178469737?
4
What is the thousands digit of 141875516?
5
What is the millions digit of 367736976?
7
What is the units digit of 13642547?
7
What is the hundred thousands digit of 165588853?
5
What is the ten millions digit of 103346395?
0
What is the thousands digit of 602402?
2
What is the millions digit of 429447438?
9
What is the hundreds digit of 17205120?
1
What is the units digit of 249740152?
2
What is the ten millions digit of 41867243?
4
What is the hundreds digit of 512550683?
6
What is the tens digit of 122016189?
8
What is the units digit of 156722119?
9
What is the ten millions digit of 474269198?
7
What is the hundred thousands digit of 977530620?
5
What is the units digit of 1556419779?
9
What is the hundreds digit of 236916512?
5
What is the ten millions digit of 2194452614?
9
What is the units digit of 50903645?
5
What is the ten thousands digit of 2994635?
9
What is the tens digit of 5444141?
4
What is the hundred thousands digit of 93528637?
5
What is the ten millions digit of 966825939?
6
What is the ten millions digit of 2993440171?
9
What is the tens digit of 6001054610?
1
What is the units digit of 169967639?
9
What is the tens digit of 754209113?
1
What is the hundreds digit of 143233403?
4
What is the billions digit of 1147010675?
1
What is the thousands digit of 3095692851?
2
What is the hundreds digit of 5644794397?
3
What is the ten thousands digit of 326679964?
7
What is the units digit of 255455399?
9
What is the hundred thousands digit of 216917631?
9
What is the millions digit of 133756386?
3
What is the thousands digit of 231474648?
4
What is the thousands digit of 1138469926?
9
What is the tens digit of 1394766958?
5
What is the units digit of 22646981?
1
What is the hundreds digit of 14852888?
8
What is the millions digit of 298436412?
8
What is the hundred thousands digit of 725096861?
0
What is the hundred thousands digit of 31539915?
5
What is the millions digit of 31660325?
1
What is the ten thousands digit of 17365556?
6
What is the hundreds digit of 9032753725?
7
What is the ten thousands digit of 8366319385?
1
What is the ten millions digit of 987222671?
8
What is the hundred thousands digit of 6855339?
8
What is the ten millions digit of 97042643?
9
What is the ten thousands digit of 152861922?
6
What is the thousands digit of 2419256301?
6
What is the units digit of 1810809456?
6
What is the units digit of 9332329?
9
What is the ten millions digit of 300931993?
0
What is the tens digit of 48360755?
5
What is the units digit of 3610880562?
2
What is the units digit of 958042159?
9
What is the hundred thousands digit of 402318148?
3
What is the hundreds digit of 29483694?
6
What is the units di